{"id":229817,"date":"2021-07-07T10:12:37","date_gmt":"2021-07-07T08:12:37","guid":{"rendered":"http:\/\/echoclinique.fr\/?page_id=229817"},"modified":"2024-01-05T10:58:27","modified_gmt":"2024-01-05T09:58:27","slug":"infos-pratiques","status":"publish","type":"page","link":"https:\/\/echoclinique.fr\/index.php\/infos-pratiques\/","title":{"rendered":"INFOS PRATIQUES"},"content":{"rendered":"<p>[et_pb_section fb_built=&#8221;1&#8243; _builder_version=&#8221;4.16&#8243; _module_preset=&#8221;default&#8221; global_colors_info=&#8221;{}&#8221;][et_pb_row _builder_version=&#8221;4.16&#8243; _module_preset=&#8221;default&#8221; global_colors_info=&#8221;{}&#8221;][et_pb_column type=&#8221;4_4&#8243; _builder_version=&#8221;4.16&#8243; _module_preset=&#8221;default&#8221; global_colors_info=&#8221;{}&#8221;][dsm_text_divider header=&#8221;Infos pratiques&#8221; _builder_version=&#8221;4.16&#8243; _module_preset=&#8221;default&#8221; header_level=&#8221;h1&#8243; global_colors_info=&#8221;{}&#8221;][\/dsm_text_divider][\/et_pb_column][\/et_pb_row][\/et_pb_section][et_pb_section fb_built=&#8221;1&#8243; _builder_version=&#8221;4.16&#8243; _module_preset=&#8221;default&#8221; custom_padding=&#8221;11px||19px|||&#8221; global_colors_info=&#8221;{}&#8221;][et_pb_row _builder_version=&#8221;4.16&#8243; _module_preset=&#8221;default&#8221; global_colors_info=&#8221;{}&#8221;][et_pb_column type=&#8221;4_4&#8243; _builder_version=&#8221;4.16&#8243; _module_preset=&#8221;default&#8221; global_colors_info=&#8221;{}&#8221;][et_pb_text _builder_version=&#8221;4.20.1&#8243; _module_preset=&#8221;default&#8221; hover_enabled=&#8221;0&#8243; global_colors_info=&#8221;{}&#8221; sticky_enabled=&#8221;0&#8243;]<\/p>\n<h2><strong>ACC\u00c8S AU CONGR\u00c8S :\u00a0<\/strong><\/h2>\n<p><strong><\/strong><\/p>\n<p>Le Beffroi de Montrouge est <strong>id\u00e9alement situ\u00e9 aux portes de Paris<\/strong>, au <strong>centre de multiples voies de communication<\/strong> qui rendent son <strong>acc\u00e8s facile<\/strong>, quelque soit votre moyen de transport (m\u00e9tro, bus, tram, voiture) et proche de l&#8217;a\u00e9roport d&#8217;Orly (10 min en voiture).<\/p>\n<p class=\"w-iconbox-title\"><span>Il est <strong>accessible facilement depuis tous les arrondissements de Paris<\/strong> via les transports en commun : <strong>M\u00e9tro<\/strong> (Ligne 4, arr\u00eat Mairie de Montrouge) &#8211;<strong>Bus<\/strong> (Lignes 68, 126, 128 \u2013 Arr\u00eat Mairie de Montrouge) &#8211; <strong>Tram<\/strong> (Ligne 3 arr\u00eat Porte d\u2019Orl\u00e9ans)<\/span><\/p>\n<div class=\"vue-rate-it-rating-item\" data-v-217e3916=\"\"><strong><span style=\"font-size: medium;\">Comment se rendre au Congr\u00e8s ?<\/span><\/strong><strong><span style=\"font-size: medium;\"><\/span><\/strong><\/div>\n<p><span class=\"chapo\"><strong><\/strong><\/span><\/p>\n<p><span class=\"chapo\"><strong>Le Beffroi <span class=\"searchHighlight\">de<\/span> Montrouge<br \/><\/strong><\/span><span class=\"chapo\"><strong>2 Place Emile Cresp \u2013 92120 MONTROUGE <\/strong><span class=\"LrzXr\">(<\/span>Montrouge jouxte le 14e arrondissement de Paris)<\/span><\/p>\n<p>Le Beffroi est situ\u00e9 \u00e0 la sortie <span class=\"searchHighlight\">de<\/span> la nouvelle station <span class=\"searchHighlight\">de<\/span> m\u00e9tro \u00ab Mairie <span class=\"searchHighlight\">de<\/span> Montrouge \u00bb\u00a0\u00e0 l\u2019extr\u00e9mit\u00e9 <span class=\"searchHighlight\">de<\/span> la ligne 4.<\/p>\n<ul>\n<li><strong>EN METRO : <\/strong>Mairie deMontrouge (ligne 4)<\/li>\n<li><strong>EN TRAM : <\/strong>Ligne 3 arr\u00eat Porte d&#8217;Orl\u00e9ans<\/li>\n<li><strong>EN BUS : <\/strong>Lignes 68, 128, 126 (arr\u00eat Mairie <span class=\"searchHighlight\">de<\/span> Montrouge)<\/li>\n<li><strong>EN VOITURE : <\/strong>Par le P\u00e9riph\u00e9rique \u2013 Sortie Porte d\u2019Orl\u00e9ans \/ Porte de Ch\u00e2tillon<\/li>\n<\/ul>\n<p><strong>Les parkings<\/strong><\/p>\n<p>Stationner \u00e0 Montrouge : <a href=\"https:\/\/www.ville-montrouge.fr\/678-stationner-dans-les-parkings-souterrains.htm\">les infos sur les parkings souterrains<\/a><\/p>\n<ul>\n<li>Parking <span>INDIGO Henri Ginoux \u00e0 Montrouge<\/span><span>\u00a0&#8211; <a href=\"https:\/\/www.indigoneo.fr\/fr\/parkings\/18305\/parking-henri-ginoux\" target=\"_blank\" rel=\"noopener\">R\u00e9servez ici<\/a><\/span><\/li>\n<li>Parking Emile Cresp, place Emile Cresp. Montrouge <span>&#8211; 19,20 \u20ac\/24h &#8211; <a href=\"https:\/\/fr.parkindigo.com\/parking\/montrouge-92120\/emile-cresp-92142000\" target=\"_blank\" rel=\"noopener\">R\u00e9servez ici<\/a><\/span><\/li>\n<li>Parking Porte d\u2019Orl\u00e9ans, 1, rue <span class=\"searchHighlight\">de<\/span> la L\u00e9gion Etrang\u00e8re, Paris <span>\u00a0(\u00e0 moins de dix minutes \u00e0 pieds du Beffroi) &#8211; 36 \u20ac\/24h &#8211; <a href=\"https:\/\/www.saemes.fr\/fr\/parking\/parking-porte-dorleans\" target=\"_blank\" rel=\"noopener\">R\u00e9servez ici<\/a><\/span><span style=\"font-size: 14px;\"><\/span><\/li>\n<\/ul>\n<p><span style=\"font-size: 14px;\">Pour plus de renseignements, rendez-vous sur le site du Beffroi de Montrouge :<\/span><\/p>\n<p><a href=\"https:\/\/www.beffroidemontrouge.com\/acces\/\" target=\"_blank\" rel=\"noopener\">https:\/\/www.beffroidemontrouge.com\/acces\/<\/a><\/p>\n<p>[\/et_pb_text][\/et_pb_column][\/et_pb_row][\/et_pb_section][et_pb_section fb_built=&#8221;1&#8243; _builder_version=&#8221;4.16&#8243; _module_preset=&#8221;default&#8221; custom_padding=&#8221;16px||14px|||&#8221; global_colors_info=&#8221;{}&#8221;][et_pb_row _builder_version=&#8221;4.16&#8243; _module_preset=&#8221;default&#8221; global_colors_info=&#8221;{}&#8221;][et_pb_column type=&#8221;4_4&#8243; _builder_version=&#8221;4.16&#8243; _module_preset=&#8221;default&#8221; global_colors_info=&#8221;{}&#8221;][et_pb_image src=&#8221;https:\/\/echoclinique.fr\/wp-content\/uploads\/2021\/07\/Capture-decran-2021-07-09-a-12.38.36.png&#8221; title_text=&#8221;Plan d&#8217;ensemble&#8221; _builder_version=&#8221;4.16&#8243; _module_preset=&#8221;default&#8221; global_colors_info=&#8221;{}&#8221;][\/et_pb_image][\/et_pb_column][\/et_pb_row][\/et_pb_section][et_pb_section fb_built=&#8221;1&#8243; _builder_version=&#8221;4.16&#8243; _module_preset=&#8221;default&#8221; custom_padding=&#8221;10px|||||&#8221; global_colors_info=&#8221;{}&#8221;][et_pb_row _builder_version=&#8221;4.16&#8243; _module_preset=&#8221;default&#8221; global_colors_info=&#8221;{}&#8221;][et_pb_column type=&#8221;4_4&#8243; _builder_version=&#8221;4.16&#8243; _module_preset=&#8221;default&#8221; global_colors_info=&#8221;{}&#8221;][et_pb_text _builder_version=&#8221;4.16&#8243; _module_preset=&#8221;default&#8221; global_colors_info=&#8221;{}&#8221;]<\/p>\n<h2><strong>H\u00c9BERGEMENTS PROCHES :<\/strong><\/h2>\n<p>[\/et_pb_text][et_pb_text _builder_version=&#8221;4.16&#8243; _module_preset=&#8221;default&#8221; global_colors_info=&#8221;{}&#8221;]<\/p>\n<h5><strong>Voici une liste non exhaustive d&#8217;h\u00f4tels \u00e0 proximit\u00e9 du lieu du congr\u00e8s.<\/strong><\/h5>\n<p><strong><\/strong><\/p>\n<div class=\"w-iconbox-icon\"><span>Vous trouverez d&#8217;autres possibilit\u00e9s d&#8217;h\u00e9bergement via en cliquant sur <a href=\"https:\/\/goo.gl\/maps\/qp9FMfbSzi77j2jc7\" target=\"_blank\" rel=\"noopener\">ce lien<\/a>\u00a0ou en consultant<\/span><span>\u00a0les plateformes d&#8217;h\u00e9bergement entre particuliers comme <a href=\"https:\/\/www.airbnb.fr\" target=\"_blank\" rel=\"noopener\">airbnb<\/a><\/span><\/div>\n<p>[\/et_pb_text][et_pb_text _builder_version=&#8221;4.16&#8243; _module_preset=&#8221;default&#8221; global_colors_info=&#8221;{}&#8221;]<\/p>\n<h5><strong>H\u00f4tels 4 \u00e9toiles<\/strong><\/h5>\n<table style=\"border-collapse: collapse; width: 58.649517684887456%;\" border=\"1\" height=\"68\">\n<tbody>\n<tr>\n<td style=\"width: 50%; text-align: center;\">\n<div><a href=\"https:\/\/all.accor.com\/hotel\/1834\/index.fr.shtml\" target=\"_blank\" rel=\"noopener\"><span>Novotel<\/span> Paris 14 porte d\u2019Orl\u00e9ans<\/a><\/div>\n<div>8 min \u00e0 pied \u2013 7 mn via bus 475<\/div>\n<\/td>\n<td style=\"width: 50%; text-align: center;\">\n<div><a href=\"https:\/\/all.accor.com\/hotel\/9734\/index.fr.shtml\" target=\"_blank\" rel=\"noopener\"><span>Mercure <\/span>Paris Al\u00e9sia<\/a><\/div>\n<div>8 min \u00e0 pied &#8211; 3 min via m\u00e9tro 4<\/div>\n<\/td>\n<\/tr>\n<\/tbody>\n<\/table>\n<p>[\/et_pb_text][et_pb_text _builder_version=&#8221;4.16&#8243; _module_preset=&#8221;default&#8221; global_colors_info=&#8221;{}&#8221;]<\/p>\n<h5><strong>H\u00f4tels 3 \u00e9toiles<\/strong><\/h5>\n<table style=\"border-collapse: collapse; width: 94.21221864951767%;\" border=\"1\" height=\"103\">\n<tbody>\n<tr>\n<td style=\"width: 23.92491467576792%; text-align: center;\">\n<div>\n<div><a href=\"https:\/\/www.hotelarcparismontrouge.com\" target=\"_blank\" rel=\"noopener\">H\u00f4tel Arc Paris Porte d\u2019Orl\u00e9ans<\/a><\/div>\n<div>5 min \u00e0 pied<\/div>\n<\/div>\n<\/td>\n<td style=\"width: 25.819112627986346%; text-align: center;\">\n<div>\n<div><a href=\"https:\/\/www.hotelsixteen.com\" target=\"_blank\" rel=\"noopener\">H\u00f4tel sixteen Paris Montrouge<\/a><\/div>\n<div>10 min \u00e0 pied &#8211; 6 min via bus 68<\/div>\n<\/div>\n<\/td>\n<td style=\"width: 24.513651877133107%; text-align: center;\">\n<div>\n<div>\n<div><a href=\"https:\/\/all.accor.com\/hotel\/7573\/index.fr.shtml\" target=\"_blank\" rel=\"noopener\">Ibis style porte d\u2019orl\u00e9ans<\/a><\/div>\n<div>9 min \u00e0 pied \u2013 8 min via bus 475<\/div>\n<\/div>\n<\/div>\n<\/td>\n<td style=\"width: 25.742320819112628%; text-align: center;\">\n<div>\n<div>\n<div><a href=\"https:\/\/www.acropole-paris-hotel.com\/?gclid=CjwKCAjwz5iMBhAEEiwAMEAwGCNKYMmGLwTOdQXdaAr64UHBlzapwIengpnmCtVthbNnPozhxOTlSxoCwzYQAvD_BwE\" target=\"_blank\" rel=\"noopener\">H\u00f4tel Acropole<\/a><\/div>\n<div>9 min \u00e0 pied \u2013 3 min via m\u00e9tro 4<\/div>\n<\/div>\n<\/div>\n<\/td>\n<\/tr>\n<tr>\n<td style=\"width: 23.92491467576792%; text-align: center;\">\n<div>\n<div>\n<div><a href=\"https:\/\/www.hotelvirgina.com\/fr\/\" target=\"_blank\" rel=\"noopener\">H\u00f4tel Virginia<\/a><\/div>\n<div>13 min \u00e0 pied &#8211; 5 min via m\u00e9tro 4<\/div>\n<\/div>\n<\/div>\n<\/td>\n<td style=\"width: 25.819112627986346%; text-align: center;\">\n<div>\n<div>\n<div><a href=\"https:\/\/parc-hotel-paris.fr\" target=\"_blank\" rel=\"noopener\">Parc H\u00f4tel Paris<\/a><\/div>\n<div>13 min \u00e0 pied \u2013 6 min via m\u00e9tro 4<\/div>\n<\/div>\n<\/div>\n<\/td>\n<td style=\"width: 24.513651877133107%; text-align: center;\">\n<div>\n<div>\n<div><a href=\"http:\/\/hotel-parc-montsouris.com\" target=\"_blank\" rel=\"noopener\">H\u00f4tel du Parc Monsouris<\/a><\/div>\n<div>20 min \u00e0 pied \u2013 11 min via T3<\/div>\n<\/div>\n<\/div>\n<\/td>\n<td style=\"width: 25.742320819112628%; text-align: center;\">\n<div>\n<div>\n<div><a href=\"http:\/\/citadines-didot-montparnasse-hotel-paris.hotel-dir.com\/fr\/\" target=\"_blank\" rel=\"noopener\">Citadines Didot Montparnasse Paris<\/a><\/div>\n<div><span class=\"description-tab text-sm\"><\/span>94 Rue Didot, 75014 Paris,<\/div>\n<\/div>\n<\/div>\n<\/td>\n<\/tr>\n<\/tbody>\n<\/table>\n<p>[\/et_pb_text][et_pb_text _builder_version=&#8221;4.20.1&#8243; _module_preset=&#8221;default&#8221; global_colors_info=&#8221;{}&#8221;]<\/p>\n<h5><strong>Mais aussi&#8230;<\/strong><\/h5>\n<table style=\"border-collapse: collapse; width: 94.21221864951767%;\" border=\"1\" height=\"103\">\n<tbody>\n<tr>\n<td style=\"width: 23.92491467576792%; text-align: center;\">\n<p><a href=\"https:\/\/www.hotelarcparismontrouge.com\"><\/a><span style=\"font-family: inherit; font-size: inherit;\"><\/span><a href=\"https:\/\/www.adagio-city.com\" style=\"font-family: inherit; font-size: inherit;\" target=\"_blank\" rel=\"noopener\">Apart Hotel Adagio Paris Malakoff Chatillon<\/a><\/p>\n<div>9 min \u00e0 pied &#8211; 6 min via bus 126 ou le 68<\/div>\n<\/td>\n<td style=\"width: 25.819112627986346%; text-align: center;\">\n<div>\n<div>\n<p><a href=\"https:\/\/www.hotelsixteen.com\"><\/a><\/p>\n<div><a href=\"https:\/\/www.adagio-city.com\" target=\"_blank\" rel=\"noopener\">Apart Hotel Adagio Paris Montrouge<\/a><\/div>\n<div>8 min \u00e0 pied &#8211; 5 min via bus 68<\/div>\n<\/div>\n<\/div>\n<\/td>\n<td style=\"width: 24.513651877133107%; text-align: center;\">\n<div><a href=\"https:\/\/www.booking.com\/searchresults.fr.html?aid=318615&amp;label=French_France_FR_FR_48823801634-1fOaZN7Cf7ZcFRjeEsuHwgS219301755752%3Apl%3Ata%3Ap1%3Ap2%3Aac%3Aap%3Aneg&amp;gclid=EAIaIQobChMIpuSLoLnGggMVBuLVCh3jUQasEAAYASAAEgItcfD_BwE&amp;highlighted_hotels=551040&amp;redirected=1&amp;city=-1453409&amp;hlrd=no_dates&amp;source=hotel&amp;expand_sb=1&amp;keep_landing=1&amp;sid=5ca90fbfdb6fa75cc227f40694f418d7\" target=\"_blank\" rel=\"noopener\">le Victor Hugo<\/a><\/div>\n<div>4 min \u00e0 pied<\/div>\n<\/td>\n<td style=\"width: 25.742320819112628%; text-align: center;\">\n<div><a href=\"https:\/\/www.leflorus.fr\" target=\"_blank\" rel=\"noopener\">Le Florus H\u00f4tel<\/a><\/div>\n<div>4 min \u00e0 pied<\/div>\n<\/td>\n<\/tr>\n<tr>\n<td style=\"width: 23.92491467576792%; text-align: center;\">\n<div><a href=\"https:\/\/hotel-les-coquelicots92.eatbu.com\/?lang=fr\" target=\"_blank\" rel=\"noopener\">Les coquelicots<\/a><\/div>\n<div>11 min \u00e0 pied \u2013 8 min via bus 128<\/div>\n<\/td>\n<td style=\"width: 25.819112627986346%; text-align: center;\">\n<div>\n<div>\n<div>\n<p><a href=\"https:\/\/parc-hotel-paris.fr\"><\/a><a href=\"https:\/\/all.accor.com\/ssr\/app\/ibis\/hotels\/porte-d-orleans-75014-paris-france\/ibb\/index.fr.shtml?compositions=1&amp;stayplus=false&amp;order_hotels_by=RECOMMENDATION&amp;utm_term=mar&amp;gclid=CjwKCAjwz5iMBhAEEiwAMEAwGLnI6xEkWkutj9wzeMDJLaIMaJcI29w79LNDu5gRzPK3K9B6efd7khoC284QAvD_BwE&amp;utm_campaign=ppc-ibb-mar-goo-fr-fr-pa-exa-sear-bp&amp;utm_medium=cpc&amp;utm_source=google&amp;utm_content=fr-fr-FR-V2996\" target=\"_blank\" rel=\"noopener\">Ibis budget Paris Porte d\u2019Orl\u00e9ans<\/a><\/p>\n<div>8 min \u00e0 pied \u2013 7 min via bus 475<\/div>\n<\/div>\n<\/div>\n<\/div>\n<\/td>\n<td style=\"width: 24.513651877133107%; text-align: center;\">\n<div>\n<div>\n<div>\n<p><a href=\"http:\/\/hotel-parc-montsouris.com\"><\/a><a href=\"https:\/\/www.paris-hotel-terminus-orleans.com\" target=\"_blank\" rel=\"noopener\">H\u00f4tel terminus Orl\u00e9ans<\/a><\/p>\n<div>9 min \u00e0 pied \u2013 4 min via m\u00e9tro 4<\/div>\n<\/div>\n<\/div>\n<\/div>\n<\/td>\n<td style=\"width: 25.742320819112628%; text-align: center;\">\n<div>\n<div>\n<div><a href=\"https:\/\/www.hotelbeaunier.fr\" target=\"_blank\" rel=\"noopener\">H\u00f4tel Beaunier<\/a><\/div>\n<div>15 min \u00e0 pied \u2013 7 min via m\u00e9tro 4<\/div>\n<\/div>\n<\/div>\n<\/td>\n<\/tr>\n<\/tbody>\n<\/table>\n<p>[\/et_pb_text][\/et_pb_column][\/et_pb_row][\/et_pb_section][et_pb_section fb_built=&#8221;1&#8243; prev_background_color=&#8221;#ffffff&#8221; admin_label=&#8221;Footer&#8221; _builder_version=&#8221;4.16&#8243; use_background_color_gradient=&#8221;on&#8221; background_color_gradient_stops=&#8221;rgba(26,151,153,0.7) 0%|#1a9799 100%&#8221; background_color_gradient_overlays_image=&#8221;on&#8221; background_color_gradient_start=&#8221;rgba(26,151,153,0.7)&#8221; background_color_gradient_end=&#8221;#1a9799&#8243; background_image=&#8221;https:\/\/echoclinique.fr\/wp-content\/uploads\/2021\/07\/AdobeStock_13148580-1-scaled.jpeg&#8221; custom_padding=&#8221;10%|||&#8221; top_divider_style=&#8221;wave2&#8243; top_divider_height=&#8221;14vw&#8221; top_divider_repeat=&#8221;0.5x&#8221; top_divider_flip=&#8221;horizontal&#8221; animation_style=&#8221;slide&#8221; animation_direction=&#8221;bottom&#8221; animation_intensity_slide=&#8221;2%&#8221; global_colors_info=&#8221;{}&#8221;][et_pb_row _builder_version=&#8221;4.16&#8243; global_colors_info=&#8221;{}&#8221;][et_pb_column type=&#8221;4_4&#8243; _builder_version=&#8221;4.16&#8243; custom_padding=&#8221;|||&#8221; global_colors_info=&#8221;{}&#8221; custom_padding__hover=&#8221;|||&#8221;][et_pb_divider color=&#8221;#ffffff&#8221; divider_position=&#8221;center&#8221; divider_weight=&#8221;3px&#8221; _builder_version=&#8221;4.16&#8243; max_width=&#8221;60px&#8221; module_alignment=&#8221;center&#8221; height=&#8221;3px&#8221; custom_margin=&#8221;||10px|&#8221; locked=&#8221;off&#8221; global_colors_info=&#8221;{}&#8221;][\/et_pb_divider][et_pb_text _builder_version=&#8221;4.16&#8243; text_font=&#8221;||||||||&#8221; header_font=&#8221;||||||||&#8221; header_2_font=&#8221;Ubuntu|700|||||||&#8221; header_2_font_size=&#8221;42px&#8221; header_2_line_height=&#8221;1.4em&#8221; text_orientation=&#8221;center&#8221; background_layout=&#8221;dark&#8221; custom_margin=&#8221;||10px|&#8221; custom_padding=&#8221;|||&#8221; header_2_font_size_tablet=&#8221;&#8221; header_2_font_size_phone=&#8221;28px&#8221; header_2_font_size_last_edited=&#8221;on|phone&#8221; locked=&#8221;off&#8221; global_colors_info=&#8221;{}&#8221;]<\/p>\n<h2>Newsletter <strong>\u00e9cho<\/strong>clinique 2024<\/h2>\n<p>[\/et_pb_text][et_pb_signup mailchimp_list=&#8221;echoclinique|87d7168ba8&#8243; layout=&#8221;top_bottom&#8221; success_message=&#8221;F\u00e9licitation ! Vous \u00eates maintenant abonn\u00e9 \u00e0 la newsletter d&#8217;\u00e9choclinique 2022 :)&#8221; button_text=&#8221;S&#8217;inscrire \u00e0 la Newsletter \u00e9choclinique 2024&#8243; _builder_version=&#8221;4.20.1&#8243; header_level=&#8221;h3&#8243; header_font=&#8221;Ubuntu|700|||||||&#8221; header_font_size=&#8221;36px&#8221; header_line_height=&#8221;1.4em&#8221; body_font_size=&#8221;16px&#8221; body_line_height=&#8221;2em&#8221; form_field_font=&#8221;Lato||||||||&#8221; form_field_line_height=&#8221;1.8em&#8221; use_background_color=&#8221;off&#8221; custom_button=&#8221;on&#8221; button_text_size=&#8221;18px&#8221; button_text_color=&#8221;#ffffff&#8221; button_bg_color=&#8221;#393e56&#8243; button_border_width=&#8221;6px&#8221; button_border_color=&#8221;rgba(0,0,0,0)&#8221; button_border_radius=&#8221;0px&#8221; button_letter_spacing=&#8221;2px&#8221; button_font=&#8221;Ubuntu|700|||||||&#8221; button_icon=&#8221;&#x24;||divi||400&#8243; text_orientation=&#8221;center&#8221; background_layout=&#8221;light&#8221; max_width=&#8221;700px&#8221; module_alignment=&#8221;center&#8221; header_font_size_tablet=&#8221;&#8221; header_font_size_phone=&#8221;24px&#8221; header_font_size_last_edited=&#8221;on|phone&#8221; border_radii_fields=&#8221;on|0px|0px|0px|0px&#8221; border_width_all_fields=&#8221;2px&#8221; border_color_all_fields=&#8221;rgba(187,173,161,0.3)&#8221; locked=&#8221;off&#8221; global_colors_info=&#8221;{}&#8221; button_text_size__hover_enabled=&#8221;off&#8221; button_one_text_size__hover_enabled=&#8221;off&#8221; button_two_text_size__hover_enabled=&#8221;off&#8221; button_text_color__hover_enabled=&#8221;off&#8221; button_one_text_color__hover_enabled=&#8221;off&#8221; button_two_text_color__hover_enabled=&#8221;off&#8221; button_border_width__hover_enabled=&#8221;off&#8221; button_one_border_width__hover_enabled=&#8221;off&#8221; button_two_border_width__hover_enabled=&#8221;off&#8221; button_border_color__hover_enabled=&#8221;off&#8221; button_one_border_color__hover_enabled=&#8221;off&#8221; button_two_border_color__hover_enabled=&#8221;off&#8221; button_border_radius__hover_enabled=&#8221;off&#8221; button_one_border_radius__hover_enabled=&#8221;off&#8221; button_two_border_radius__hover_enabled=&#8221;off&#8221; button_letter_spacing__hover_enabled=&#8221;off&#8221; button_one_letter_spacing__hover_enabled=&#8221;off&#8221; button_two_letter_spacing__hover_enabled=&#8221;off&#8221; button_bg_color__hover_enabled=&#8221;off&#8221; button_one_bg_color__hover_enabled=&#8221;off&#8221; button_two_bg_color__hover_enabled=&#8221;off&#8221;][\/et_pb_signup][\/et_pb_column][\/et_pb_row][\/et_pb_section]<\/p>\n","protected":false},"excerpt":{"rendered":"<p><div class=\"et_pb_module dsm_text_divider dsm_text_divider_0\">\n\t\t\t\t\n\t\t\t\t\n\t\t\t\t\n\t\t\t\t\n\t\t\t\t\n\t\t\t\t\n\t\t\t\t<div class=\"et_pb_module_inner\">\n\t\t\t\t\t<div class=\"dsm-text-divider-wrapper dsm-text-divider-align-center et_pb_bg_layout_light\">\n\t\t\t\t\n\t\t\t\t\n\t\t\t\t<div class=\"dsm-text-divider-before dsm-divider\"><\/div>\n\t\t\t\t<h1 class=\"dsm-text-divider-header et_pb_module_header\"><span>Infos pratiques<\/span><\/h1>\n\t\t\t\t<div class=\"dsm-text-divider-after dsm-divider\"><\/div>\n\t\t\t<\/div>\n\t\t\t\t<\/div>\n\t\t\t<\/div>ACC\u00c8S AU CONGR\u00c8S :\u00a0 Le Beffroi de Montrouge est id\u00e9alement situ\u00e9 aux portes de Paris, au centre de multiples voies de communication qui rendent [&hellip;]<\/p>\n","protected":false},"author":1,"featured_media":0,"parent":0,"menu_order":0,"comment_status":"closed","ping_status":"closed","template":"","meta":{"_et_pb_use_builder":"on","_et_pb_old_content":"","_et_gb_content_width":"","ngg_post_thumbnail":0},"_links":{"self":[{"href":"https:\/\/echoclinique.fr\/index.php\/wp-json\/wp\/v2\/pages\/229817"}],"collection":[{"href":"https:\/\/echoclinique.fr\/index.php\/wp-json\/wp\/v2\/pages"}],"about":[{"href":"https:\/\/echoclinique.fr\/index.php\/wp-json\/wp\/v2\/types\/page"}],"author":[{"embeddable":true,"href":"https:\/\/echoclinique.fr\/index.php\/wp-json\/wp\/v2\/users\/1"}],"replies":[{"embeddable":true,"href":"https:\/\/echoclinique.fr\/index.php\/wp-json\/wp\/v2\/comments?post=229817"}],"version-history":[{"count":49,"href":"https:\/\/echoclinique.fr\/index.php\/wp-json\/wp\/v2\/pages\/229817\/revisions"}],"predecessor-version":[{"id":231754,"href":"https:\/\/echoclinique.fr\/index.php\/wp-json\/wp\/v2\/pages\/229817\/revisions\/231754"}],"wp:attachment":[{"href":"https:\/\/echoclinique.fr\/index.php\/wp-json\/wp\/v2\/media?parent=229817"}],"curies":[{"name":"wp","href":"https:\/\/api.w.org\/{rel}","templated":true}]}}