{"id":230481,"date":"2021-07-15T12:06:49","date_gmt":"2021-07-15T10:06:49","guid":{"rendered":"https:\/\/echoclinique.fr\/?page_id=230481"},"modified":"2024-01-15T10:48:30","modified_gmt":"2024-01-15T09:48:30","slug":"plenieres","status":"publish","type":"page","link":"https:\/\/echoclinique.fr\/index.php\/plenieres\/","title":{"rendered":"PLENI\u00c8RES"},"content":{"rendered":"<p>[et_pb_section fb_built=&#8221;1&#8243; _builder_version=&#8221;4.16&#8243; _module_preset=&#8221;default&#8221; custom_padding=&#8221;||40px|||&#8221; global_colors_info=&#8221;{}&#8221;][et_pb_row _builder_version=&#8221;4.16&#8243; _module_preset=&#8221;default&#8221; global_colors_info=&#8221;{}&#8221;][et_pb_column type=&#8221;4_4&#8243; _builder_version=&#8221;4.16&#8243; _module_preset=&#8221;default&#8221; global_colors_info=&#8221;{}&#8221;][dsm_text_divider header=&#8221;Les pl\u00e9ni\u00e8res \/ tables rondes&#8221; _builder_version=&#8221;4.16&#8243; _module_preset=&#8221;default&#8221; header_level=&#8221;h1&#8243; global_colors_info=&#8221;{}&#8221;][\/dsm_text_divider][\/et_pb_column][\/et_pb_row][et_pb_row column_structure=&#8221;1_2,1_2&#8243; disabled_on=&#8221;off|off|off&#8221; _builder_version=&#8221;4.20.1&#8243; _module_preset=&#8221;default&#8221; custom_padding=&#8221;||2px|||&#8221; global_colors_info=&#8221;{}&#8221;][et_pb_column type=&#8221;1_2&#8243; _builder_version=&#8221;4.16&#8243; _module_preset=&#8221;default&#8221; global_colors_info=&#8221;{}&#8221;][dsm_text_divider header=&#8221;Pl\u00e9ni\u00e8re 1&#8243; _builder_version=&#8221;4.16&#8243; _module_preset=&#8221;default&#8221; header_level=&#8221;h2&#8243; global_colors_info=&#8221;{}&#8221;][\/dsm_text_divider][et_pb_text _builder_version=&#8221;4.20.1&#8243; _module_preset=&#8221;default&#8221; text_font_size=&#8221;16px&#8221; text_line_height=&#8221;2em&#8221; hover_enabled=&#8221;0&#8243; global_colors_info=&#8221;{}&#8221; sticky_enabled=&#8221;0&#8243;]<\/p>\n<p style=\"text-align: center;\"><strong><span>Int\u00e9grer l\u2019\u00e9choclinique dans son exercice quotidien<\/span><\/strong><\/p>\n<p style=\"text-align: center;\"><strong>jeudi 01\/02 10h-11h<\/strong><\/p>\n<p style=\"font-weight: 400;\">Qu\u2019est-ce que l\u2019\u00e9cho-clinique, quel est son int\u00e9r\u00eat ?<\/p>\n<p style=\"font-weight: 400;\">Comment int\u00e9grer l\u2019\u00e9choclinique dans son exercice quotidien ?<\/p>\n<p style=\"font-weight: 400; text-align: justify;\"><span>Des situations cliniques sont pr\u00e9sent\u00e9es sous forme de t\u00e9moignages de m\u00e9decins g\u00e9n\u00e9ralistes qui pratiquent l&#8217;\u00e9chographie afin de mettre en avant les apports concrets de l&#8217;\u00e9choclinique et ses nombreux atouts (diagnostic rapide et pr\u00e9cis, d\u00e9cision clinique am\u00e9lior\u00e9e, meilleure prise en charge du patient&#8230;).<\/span><\/p>\n<p style=\"text-align: left;\">[\/et_pb_text][\/et_pb_column][et_pb_column type=&#8221;1_2&#8243; _builder_version=&#8221;4.16&#8243; _module_preset=&#8221;default&#8221; global_colors_info=&#8221;{}&#8221;][et_pb_image src=&#8221;https:\/\/echoclinique.fr\/wp-content\/uploads\/2021\/07\/AdobeStock_169356139-scaled.jpeg&#8221; title_text=&#8221;Rear view of Audience listening the Speakers on the stage in the conference hall or seminar meeting with low light situation, business and education about investment concept&#8221; _builder_version=&#8221;4.16&#8243; _module_preset=&#8221;default&#8221; global_colors_info=&#8221;{}&#8221;][\/et_pb_image][\/et_pb_column][\/et_pb_row][et_pb_row disabled_on=&#8221;on|on|on&#8221; _builder_version=&#8221;4.20.1&#8243; _module_preset=&#8221;default&#8221; custom_padding=&#8221;9px|||||&#8221; disabled=&#8221;on&#8221; global_colors_info=&#8221;{}&#8221;][et_pb_column type=&#8221;4_4&#8243; _builder_version=&#8221;4.16&#8243; _module_preset=&#8221;default&#8221; global_colors_info=&#8221;{}&#8221;][et_pb_text _builder_version=&#8221;4.16&#8243; _module_preset=&#8221;default&#8221; global_colors_info=&#8221;{}&#8221;]<\/p>\n<p>3 situations cliniques seront pr\u00e9sent\u00e9es lors de cette pl\u00e9ni\u00e8re\u00a0avec \u00e0 chaque fois la situation trait\u00e9e sans, puis avec\u00a0\u00e9chographie pour mettre en avant ses apports concrets dans la pratique du m\u00e9decin clinicien.<\/p>\n<p>Les situations cliniques qui seront abord\u00e9es :<\/p>\n<ul>\n<li>douleur abdominale\u00a0haute, par le <strong>Dr Djilali\u00a0Sa\u00efche<\/strong>, m\u00e9decin g\u00e9n\u00e9raliste<\/li>\n<li>douleur pelvienne aigu\u00eb chez une femme jeune, par le <strong>Dr Michel\u00a0Athou\u00eb<\/strong>l, m\u00e9decin urgentiste<\/li>\n<li>douleur brutale du mollet, par le <strong>Dr St\u00e9phane\u00a0Renon<\/strong>, m\u00e9decin du sport et ost\u00e9opathe<\/li>\n<\/ul>\n<p>Les Drs Mirna Salloum et Patricia Lefebure, m\u00e9decins g\u00e9n\u00e9ralistes, animeront la s\u00e9ance.<\/p>\n<p>[\/et_pb_text][\/et_pb_column][\/et_pb_row][et_pb_row column_structure=&#8221;1_2,1_2&#8243; disabled_on=&#8221;off|off|off&#8221; _builder_version=&#8221;4.20.1&#8243; _module_preset=&#8221;default&#8221; custom_padding=&#8221;||0px|||&#8221; global_colors_info=&#8221;{}&#8221;][et_pb_column type=&#8221;1_2&#8243; _builder_version=&#8221;4.16&#8243; _module_preset=&#8221;default&#8221; global_colors_info=&#8221;{}&#8221;][et_pb_image src=&#8221;https:\/\/echoclinique.fr\/wp-content\/uploads\/2021\/07\/AdobeStock_208286356-scaled.jpeg&#8221; title_text=&#8221;A man speaks on a microphone at a round table meeting. The photaography is blurry&#8221; _builder_version=&#8221;4.16&#8243; _module_preset=&#8221;default&#8221; global_colors_info=&#8221;{}&#8221;][\/et_pb_image][\/et_pb_column][et_pb_column type=&#8221;1_2&#8243; _builder_version=&#8221;4.16&#8243; _module_preset=&#8221;default&#8221; global_colors_info=&#8221;{}&#8221;][dsm_text_divider header=&#8221;Pl\u00e9ni\u00e8re 2&#8243; _builder_version=&#8221;4.16&#8243; _module_preset=&#8221;default&#8221; header_level=&#8221;h2&#8243; global_colors_info=&#8221;{}&#8221;][\/dsm_text_divider][et_pb_text _builder_version=&#8221;4.20.1&#8243; _module_preset=&#8221;default&#8221; text_font_size=&#8221;16px&#8221; text_line_height=&#8221;2em&#8221; custom_margin=&#8221;||7px|||&#8221; hover_enabled=&#8221;0&#8243; global_colors_info=&#8221;{}&#8221; sticky_enabled=&#8221;0&#8243;]<\/p>\n<p style=\"text-align: center;\"><strong><\/strong><\/p>\n<p style=\"text-align: center;\"><strong> La place de l&#8217;\u00e9chographie dans l&#8217;exercice des sp\u00e9cialistes<\/strong><\/p>\n<p style=\"text-align: center;\"><strong>jeudi 01\/02 11h-12h<\/strong><\/p>\n<p style=\"font-weight: 400; text-align: justify;\">L\u2019int\u00e9r\u00eat de l\u2019\u00e9chographie pour les m\u00e9decins g\u00e9n\u00e9raliste devient \u00e9vident. Les cardiologues et les gyn\u00e9cologues utilisent cette pratique depuis longtemps. Pour de nombreux autres m\u00e9decins sp\u00e9cialistes l\u2019\u00e9chographie peut tout \u00e0 fait apporter un int\u00e9r\u00eat, notamment pour les gastro-ent\u00e9rologues, les urologues, les m\u00e9decins du sport, les orthop\u00e9distes, les dermatologues, les pneumologues. Nous \u00e9couterons les t\u00e9moignages de certains d\u2019entre eux.<\/p>\n<p><strong><\/strong><\/p>\n<p>[\/et_pb_text][\/et_pb_column][\/et_pb_row][et_pb_row disabled_on=&#8221;on|on|on&#8221; _builder_version=&#8221;4.20.1&#8243; _module_preset=&#8221;default&#8221; custom_padding=&#8221;11px|||||&#8221; disabled=&#8221;on&#8221; global_colors_info=&#8221;{}&#8221;][et_pb_column type=&#8221;4_4&#8243; _builder_version=&#8221;4.16&#8243; _module_preset=&#8221;default&#8221; global_colors_info=&#8221;{}&#8221;][et_pb_text _builder_version=&#8221;4.16&#8243; _module_preset=&#8221;default&#8221; global_colors_info=&#8221;{}&#8221;]<\/p>\n<p>Apporteront ensuite leurs t\u00e9moignages sur la formation, la pratique de l\u2018\u00e9chographie et ses enjeux dans d&#8217;autres pays :<\/p>\n<ul>\n<li><strong>Dr Yannick Ndefo<\/strong>, m\u00e9decin g\u00e9n\u00e9raliste, Cameroun<\/li>\n<li><strong>Dr Thomas Orban<\/strong>, m\u00e9decin g\u00e9n\u00e9raliste, Belgique<\/li>\n<li><strong>Dr Djilali Sa\u00efche<\/strong>, m\u00e9decin g\u00e9n\u00e9raliste fran\u00e7ais, ayant exerc\u00e9 en Allemagne<\/li>\n<\/ul>\n<p>[\/et_pb_text][\/et_pb_column][\/et_pb_row][et_pb_row column_structure=&#8221;1_2,1_2&#8243; disabled_on=&#8221;off|off|off&#8221; _builder_version=&#8221;4.20.1&#8243; _module_preset=&#8221;default&#8221; global_colors_info=&#8221;{}&#8221;][et_pb_column type=&#8221;1_2&#8243; _builder_version=&#8221;4.16&#8243; _module_preset=&#8221;default&#8221; global_colors_info=&#8221;{}&#8221;][dsm_text_divider header=&#8221;Pl\u00e9ni\u00e8re 3&#8243; _builder_version=&#8221;4.16&#8243; _module_preset=&#8221;default&#8221; header_level=&#8221;h2&#8243; global_colors_info=&#8221;{}&#8221;][\/dsm_text_divider][et_pb_text _builder_version=&#8221;4.20.1&#8243; _module_preset=&#8221;default&#8221; text_font_size=&#8221;16px&#8221; text_line_height=&#8221;2em&#8221; hover_enabled=&#8221;0&#8243; global_colors_info=&#8221;{}&#8221; sticky_enabled=&#8221;0&#8243;]<\/p>\n<p style=\"text-align: center;\"><strong><span>Table ronde<\/span><\/strong><\/p>\n<p style=\"text-align: center;\"><strong><span>Echoclinique et Universit\u00e9 : quel enseignement en France en 2024 ?<\/span><\/strong><\/p>\n<p style=\"text-align: center;\"><strong><span>vendredi 02\/02 13h30-15h00<\/span><\/strong><\/p>\n<p style=\"font-weight: 400; text-align: justify;\">En France, l\u2019enseignement de l\u2019\u00e9chographie n\u2019a toujours pas de place dans le tronc commun des \u00e9tudes de m\u00e9decine, contrairement \u00e0 nos voisins Allemands par exemple, o\u00f9 son apprentissage est accessible d\u00e8s le 2<sup>\u00e8me<\/sup> cycle. Les m\u00e9decins cliniciens se forment principalement par le biais de la formation m\u00e9dicale continue. Quelques D\u00e9partements de M\u00e9decine G\u00e9n\u00e9rale (DMG) ont instaur\u00e9 un d\u00e9but d\u2019enseignement au cours du 3<sup>\u00e8me<\/sup> cycle. Cette table ronde r\u00e9unira deux membres de DMG en question, la Pr\u00e9sidente de l\u2019ISNAR-IMG et le Pr\u00e9sident de l\u2019A2FM par ailleurs formateur en \u00e9chographie.<\/p>\n<p>[\/et_pb_text][et_pb_text _builder_version=&#8221;4.16&#8243; _module_preset=&#8221;default&#8221; text_font_size=&#8221;16px&#8221; text_line_height=&#8221;2em&#8221; global_colors_info=&#8221;{}&#8221;]<\/p>\n<p style=\"text-align: justify;\">\n<p>\u00a0<span><\/span><\/p>\n<p>[\/et_pb_text][\/et_pb_column][et_pb_column type=&#8221;1_2&#8243; _builder_version=&#8221;4.16&#8243; _module_preset=&#8221;default&#8221; global_colors_info=&#8221;{}&#8221;][et_pb_image src=&#8221;https:\/\/echoclinique.fr\/wp-content\/uploads\/2021\/07\/AdobeStock_110432308-scaled.jpeg&#8221; title_text=&#8221;participants at the conference&#8221; _builder_version=&#8221;4.16&#8243; _module_preset=&#8221;default&#8221; global_colors_info=&#8221;{}&#8221;][\/et_pb_image][et_pb_text disabled_on=&#8221;on|on|on&#8221; _builder_version=&#8221;4.20.1&#8243; _module_preset=&#8221;default&#8221; disabled=&#8221;on&#8221; global_colors_info=&#8221;{}&#8221;]<\/p>\n<p><strong>Intervenants<\/strong> :<\/p>\n<p>&nbsp;<\/p>\n<ul>\n<li><strong>M. Micka\u00ebl <\/strong><span class=\"searchHighlight\"><strong>Benzaqui<\/strong>, <span>Responsable du d\u00e9partement des actes m\u00e9dicaux au sein de la Caisse nationale de l&#8217;assurance maladie (<\/span><em>CNAM<\/em><span>)<\/span><\/span><\/li>\n<li><strong>Dr Claude Bronner<\/strong>, m\u00e9decin g\u00e9n\u00e9raliste, <span>Pr\u00e9sident de Union G\u00e9n\u00e9raliste, branche g\u00e9n\u00e9raliste de la\u00a0<\/span>F\u00e9d\u00e9ration des M\u00e9decins de France (FMF)<\/li>\n<li><strong>Dr Francis Abramovici<\/strong>, <span>Secr\u00e9taire G\u00e9n\u00e9ral du\u00a0<\/span><span style=\"font-size: 16px;\">Coll\u00e8ge de M\u00e9decine G\u00e9n\u00e9rale (CMG)<\/span><\/li>\n<li><strong>Dr Mirna Salloum<\/strong>, Coll\u00e8ge de M\u00e9decine G\u00e9n\u00e9rale (CMG),\u00a0<span>Pr\u00e9sidente du groupe de travail sur l\u2019\u00e9chographie du g\u00e9n\u00e9raliste jusqu\u2019en 2021<\/span><\/li>\n<\/ul>\n<p>[\/et_pb_text][\/et_pb_column][\/et_pb_row][et_pb_row column_structure=&#8221;1_2,1_2&#8243; disabled_on=&#8221;off|off|off&#8221; _builder_version=&#8221;4.20.1&#8243; _module_preset=&#8221;default&#8221; global_colors_info=&#8221;{}&#8221;][et_pb_column type=&#8221;1_2&#8243; _builder_version=&#8221;4.16&#8243; _module_preset=&#8221;default&#8221; global_colors_info=&#8221;{}&#8221;][et_pb_image src=&#8221;https:\/\/echoclinique.fr\/wp-content\/uploads\/2021\/07\/AdobeStock_126612344-scaled.jpeg&#8221; title_text=&#8221;Business speaker giving a talk in conference hall.&#8221; _builder_version=&#8221;4.16&#8243; _module_preset=&#8221;default&#8221; global_colors_info=&#8221;{}&#8221;][\/et_pb_image][et_pb_text disabled_on=&#8221;on|on|on&#8221; _builder_version=&#8221;4.20.1&#8243; _module_preset=&#8221;default&#8221; disabled=&#8221;on&#8221; global_colors_info=&#8221;{}&#8221;]<\/p>\n<p><strong>Intervenants<\/strong> :<\/p>\n<ul>\n<li><strong>Dr Patricia Lefebure<\/strong>, m\u00e9decin g\u00e9n\u00e9raliste, Pr\u00e9sidente du congr\u00e8s <strong>\u00e9cho<\/strong>clinique et de l&#8217;A2fm pr\u00e9sentera <span>les recommandations sur le compte-rendu pour les radiologues.<\/span><\/li>\n<li><span><strong>Dr Djilali Sa\u00efche<\/strong>, m\u00e9decin g\u00e9n\u00e9raliste pr\u00e9sentera un CR d\u2019\u00e9chographie abdo,<\/span><\/li>\n<li><span><strong>Dr Michel Athou\u00ebl<\/strong>, m\u00e9decin urgentiste, pr\u00e9sentera un CR \u00e9cho d\u2019urgence et les sp\u00e9cificit\u00e9s \u00e0 domicile,<\/span><\/li>\n<li><span><strong>Dr St\u00e9phane Renon<\/strong>, m\u00e9decin du sport, pr\u00e9sentera un CR pour\u00a0une \u00e9cho musculo-squelettique<\/span><\/li>\n<\/ul>\n<p>[\/et_pb_text][\/et_pb_column][et_pb_column type=&#8221;1_2&#8243; _builder_version=&#8221;4.16&#8243; _module_preset=&#8221;default&#8221; global_colors_info=&#8221;{}&#8221;][dsm_text_divider header=&#8221;Pl\u00e9ni\u00e8re 4&#8243; _builder_version=&#8221;4.16&#8243; _module_preset=&#8221;default&#8221; header_level=&#8221;h2&#8243; global_colors_info=&#8221;{}&#8221;][\/dsm_text_divider][et_pb_text _builder_version=&#8221;4.20.1&#8243; _module_preset=&#8221;default&#8221; text_font_size=&#8221;16px&#8221; text_line_height=&#8221;2em&#8221; global_colors_info=&#8221;{}&#8221;]<\/p>\n<p style=\"text-align: center;\"><strong><span>\u00c9chographie : quelle nomenclature ?<\/span><\/strong><\/p>\n<p style=\"text-align: center;\"><strong>samedi 03\/02 14h30-15h30<\/strong><\/p>\n<p>[\/et_pb_text][et_pb_text _builder_version=&#8221;4.20.1&#8243; _module_preset=&#8221;default&#8221; text_font_size=&#8221;16px&#8221; text_line_height=&#8221;2em&#8221; hover_enabled=&#8221;0&#8243; global_colors_info=&#8221;{}&#8221; sticky_enabled=&#8221;0&#8243;]<\/p>\n<p><span>Faire une \u00e9chographie c\u2019est bien. Pouvoir la coter c\u2019est mieux.\u00a0<\/span><\/p>\n<p style=\"font-weight: 400; text-align: justify;\">La Nomenclature est r\u00e9put\u00e9e pour \u00eatre particuli\u00e8rement complexe. A ce jour, il n\u2019y a pas de cotation d\u2019\u00e9choclinique (ou d\u2019\u00e9chographie cibl\u00e9e) qui serait, \u00e0 juste titre, cumulable \u00e0 l\u2019acte intellectuel de consultation. Il n\u2019existe qu\u2019une seule classification d\u2019actes en \u00e9chographie\u00a0: celle de la CCAM, utilis\u00e9e par les radiologues et applicable par tout Docteur en M\u00e9decine. Il est important de conna\u00eetre les r\u00e8gles de base de la nomenclature en g\u00e9n\u00e9ral, mais aussi les sp\u00e9cificit\u00e9s de la cotation des actes techniques d\u2019\u00e9chographie. Cette pl\u00e9ni\u00e8re sera interactive, sous forme de quiz, avec des situations pratiques de facturations d\u2019\u00e9chographies.<\/p>\n<p>[\/et_pb_text][\/et_pb_column][\/et_pb_row][\/et_pb_section][et_pb_section fb_built=&#8221;1&#8243; _builder_version=&#8221;4.16&#8243; _module_preset=&#8221;default&#8221; global_colors_info=&#8221;{}&#8221;][et_pb_row column_structure=&#8221;1_2,1_2&#8243; _builder_version=&#8221;4.16&#8243; _module_preset=&#8221;default&#8221; global_colors_info=&#8221;{}&#8221;][et_pb_column type=&#8221;1_2&#8243; _builder_version=&#8221;4.16&#8243; _module_preset=&#8221;default&#8221; global_colors_info=&#8221;{}&#8221;][dizo_image_hover image=&#8221;https:\/\/echoclinique.fr\/wp-content\/uploads\/2021\/07\/AdobeStock_169356139-scaled.jpeg&#8221; image_height_settings=&#8221;on&#8221; image_height=&#8221;430px&#8221; effect_style=&#8221;modern&#8221; modern_style=&#8221;mdn-lexi&#8221; t_prefix=&#8221;Programme&#8221; t_suffix=&#8221;\u00e9choclinique 2024&#8243; content_text=&#8221;<\/p>\n<p style=%22padding: 10px;%22>Consultez le programme du congr\u00e8s<\/p>\n<p>&#8221; button_text=&#8221;Lire plus&#8221; button_url=&#8221;https:\/\/echoclinique.fr\/index.php\/programme\/&#8221; button_url_new_window=&#8221;on&#8221; prefix_padding=&#8221;8px|10px|8px|10px|true|true&#8221; text_padding_tablet=&#8221;&#8221; text_padding_phone=&#8221;3px|5px|3px|5px|true|true&#8221; text_padding_last_edited=&#8221;on|phone&#8221; prefix_background_bgcolor=&#8221;#ffffff&#8221; module_link_url_new_window=&#8221;1&#8243; _builder_version=&#8221;4.20.1&#8243; title_prefix_font=&#8221;||||||||&#8221; title_prefix_text_color=&#8221;#000000&#8243; custom_button=&#8221;on&#8221; button_custom_margin=&#8221;||||false|false&#8221; custom_margin=&#8221;||4px||false|false&#8221; custom_padding=&#8221;||||false|false&#8221; title_font_size_tablet=&#8221;&#8221; title_font_size_phone=&#8221;15px&#8221; title_font_size_last_edited=&#8221;on|desktop&#8221; locked=&#8221;off&#8221; global_colors_info=&#8221;{}&#8221;][\/dizo_image_hover][\/et_pb_column][et_pb_column type=&#8221;1_2&#8243; _builder_version=&#8221;4.16&#8243; _module_preset=&#8221;default&#8221; global_colors_info=&#8221;{}&#8221;][dizo_image_hover image=&#8221;https:\/\/echoclinique.fr\/wp-content\/uploads\/2021\/07\/IMG_7671-scaled.jpeg&#8221; image_height_settings=&#8221;on&#8221; image_height=&#8221;430px&#8221; effect_style=&#8221;modern&#8221; modern_style=&#8221;mdn-lexi&#8221; t_prefix=&#8221;Les ateliers&#8221; t_suffix=&#8221;de formations&#8221; content_text=&#8221;<\/p>\n<p style=%22padding: 10px; text-align: left;%22>Consultez la liste des ateliers pratiques qui vous seront propos\u00e9s<\/p>\n<p>&#8221; button_text=&#8221;Lire plus&#8221; button_url=&#8221;https:\/\/echoclinique.fr\/index.php\/formations\/&#8221; button_url_new_window=&#8221;1&#8243; prefix_padding=&#8221;8px|10px|8px|10px|true|true&#8221; text_padding_tablet=&#8221;&#8221; text_padding_phone=&#8221;3px|5px|3px|5px|true|true&#8221; text_padding_last_edited=&#8221;on|phone&#8221; prefix_background_bgcolor=&#8221;#ffffff&#8221; module_link_url_new_window=&#8221;1&#8243; _builder_version=&#8221;4.16&#8243; title_prefix_font=&#8221;||||||||&#8221; title_prefix_text_color=&#8221;#000000&#8243; content_text_align=&#8221;right&#8221; custom_button=&#8221;on&#8221; button_custom_margin=&#8221;||||false|false&#8221; custom_margin=&#8221;||4px||false|false&#8221; custom_padding=&#8221;||||false|false&#8221; title_font_size_tablet=&#8221;&#8221; title_font_size_phone=&#8221;15px&#8221; title_font_size_last_edited=&#8221;on|desktop&#8221; locked=&#8221;off&#8221; global_colors_info=&#8221;{}&#8221; modern_overlay_color__hover_enabled=&#8221;off|desktop&#8221; modern_overlay_color__hover=&#8221;rgba(131,0,233,0.6)&#8221;][\/dizo_image_hover][\/et_pb_column][\/et_pb_row][\/et_pb_section]<\/p>\n","protected":false},"excerpt":{"rendered":"<p><div class=\"et_pb_module dsm_text_divider dsm_text_divider_0\">\n\t\t\t\t\n\t\t\t\t\n\t\t\t\t\n\t\t\t\t\n\t\t\t\t\n\t\t\t\t\n\t\t\t\t<div class=\"et_pb_module_inner\">\n\t\t\t\t\t<div class=\"dsm-text-divider-wrapper dsm-text-divider-align-center et_pb_bg_layout_light\">\n\t\t\t\t\n\t\t\t\t\n\t\t\t\t<div class=\"dsm-text-divider-before dsm-divider\"><\/div>\n\t\t\t\t<h1 class=\"dsm-text-divider-header et_pb_module_header\"><span>Les pl\u00e9ni\u00e8res \/ tables rondes<\/span><\/h1>\n\t\t\t\t<div class=\"dsm-text-divider-after dsm-divider\"><\/div>\n\t\t\t<\/div>\n\t\t\t\t<\/div>\n\t\t\t<\/div><div class=\"et_pb_module dsm_text_divider dsm_text_divider_1\">\n\t\t\t\t\n\t\t\t\t\n\t\t\t\t\n\t\t\t\t\n\t\t\t\t\n\t\t\t\t\n\t\t\t\t<div class=\"et_pb_module_inner\">\n\t\t\t\t\t<div class=\"dsm-text-divider-wrapper dsm-text-divider-align-center et_pb_bg_layout_light\">\n\t\t\t\t\n\t\t\t\t\n\t\t\t\t<div class=\"dsm-text-divider-before dsm-divider\"><\/div>\n\t\t\t\t<h2 class=\"dsm-text-divider-header et_pb_module_header\"><span>Pl\u00e9ni\u00e8re 1<\/span><\/h2>\n\t\t\t\t<div class=\"dsm-text-divider-after dsm-divider\"><\/div>\n\t\t\t<\/div>\n\t\t\t\t<\/div>\n\t\t\t<\/div>Int\u00e9grer l\u2019\u00e9choclinique dans son exercice quotidien jeudi 01\/02 10h-11h Qu\u2019est-ce que l\u2019\u00e9cho-clinique, quel est son [&hellip;]<\/p>\n","protected":false},"author":1,"featured_media":0,"parent":0,"menu_order":0,"comment_status":"closed","ping_status":"closed","template":"","meta":{"_et_pb_use_builder":"on","_et_pb_old_content":"","_et_gb_content_width":"","ngg_post_thumbnail":0},"_links":{"self":[{"href":"https:\/\/echoclinique.fr\/index.php\/wp-json\/wp\/v2\/pages\/230481"}],"collection":[{"href":"https:\/\/echoclinique.fr\/index.php\/wp-json\/wp\/v2\/pages"}],"about":[{"href":"https:\/\/echoclinique.fr\/index.php\/wp-json\/wp\/v2\/types\/page"}],"author":[{"embeddable":true,"href":"https:\/\/echoclinique.fr\/index.php\/wp-json\/wp\/v2\/users\/1"}],"replies":[{"embeddable":true,"href":"https:\/\/echoclinique.fr\/index.php\/wp-json\/wp\/v2\/comments?post=230481"}],"version-history":[{"count":36,"href":"https:\/\/echoclinique.fr\/index.php\/wp-json\/wp\/v2\/pages\/230481\/revisions"}],"predecessor-version":[{"id":231802,"href":"https:\/\/echoclinique.fr\/index.php\/wp-json\/wp\/v2\/pages\/230481\/revisions\/231802"}],"wp:attachment":[{"href":"https:\/\/echoclinique.fr\/index.php\/wp-json\/wp\/v2\/media?parent=230481"}],"curies":[{"name":"wp","href":"https:\/\/api.w.org\/{rel}","templated":true}]}}